**2 + p - 3. Let o be d(m). Suppose o*s = 337 - 99. What are the prime factors of s?
2, 17
Suppose -5*o = -o - 20. Suppose 0 = 2*j - 5*j + 5*z + 150, -250 = -5*j - o*z. Let s = j - 34. What are the prime factors of s?
2
What are the prime factors of 196 + -4 + (-1 - 6 - -14)?
199
Suppose -9*t + 4458 = 2*d - 6*t, 2243 = d + 5*t. List the prime factors of d.
3, 13, 19
What are the prime factors of 286/(4/(-8)*(-2 + 0))?
2, 11, 13
What are the prime factors of 6 + (6 - 2786/(-7))?
2, 5, 41
What are the prime factors of 1156/(4 - 84/24)?
2, 17
Let m(h) = 4*h**2 - 3*h + 6. Let t be m(3). Suppose 5*z - t - 52 = 0. What are the prime factors of z?
17
Let t = 1440 - 2672. What are the prime factors of 2/6 + t/(-48)?
2, 13
Suppose 5*r - 2*k = -305, -2*k - 173 = 3*r + 26. Let m = -37 - r. Suppose 0 = -2*x - 8, -5*h = -x + m - 115. List the prime factors of h.
17
Suppose 3*f - 36 = 15. Suppose 0 = 20*g - f*g - 45. What are the prime factors of g?
3, 5
Let r = -1 - -1. Let u(j) = -2*j**2 + j - 1. Let c(x) = -x**3 + 13*x**2 - 7*x - 59. Let k(n) = -c(n) - 6*u(n). What are the prime factors of k(r)?
5, 13
Suppose 6*t - 2 - 10 = 0. Suppose -21 = -t*i + 13. List the prime factors of i.
17
Suppose 0 = -z - z - 60. Let l = 51 + z. What are the prime factors of l?
3, 7
Let m(w) = 143*w**2 + 3*w - 1. Let k be (4/(-16))/((-1)/4). Let u be m(k). Suppose -4*i - 43 = 2*v - 161, -2*v = 5*i - u. What are the prime factors of i?
3
Let j(z) = -z**2 - 10*z + 2. Let q be 3 + 2*(4 + -3). Suppose 0 = i + 1, -12 = f + q*i - 0. What are the prime factors of j(f)?
23
Let o(g) = 2986*g**2 + 17*g + 18. List the prime factors of o(-1).
29, 103
Suppose -8*c - 104 = -1240. Suppose -5*k - c = -1077. List the prime factors of k.
11, 17
Suppose 6*b - 2*b = 4*u - 56, -3*u = -b - 36. Let p(g) = g**2 - 14*g + 8. Let t be p(u). Let n = t + 39. What are the prime factors of n?
2, 7
Let r be 1*(-6)/9*3. Let s be r/9 - 174/(-54). What are the prime factors of (-3 + 5)*(-1 + s)?
2
Suppose 17*o - 1250 = 22*o. Let u = o + 435. List the prime factors of u.
5, 37
Let s(v) = 400*v + 3. List the prime factors of s(3).
3, 401
Let c = 14 - 14. Suppose -5*z - 26 + 11 = 0, 4*r + 4*z - 332 = c. What are the prime factors of r?
2, 43
Let s be 23/((-4)/(-12) - (-1)/(-6)). Let a be 3/(12/332)*-1. Let n = s + a. What are the prime factors of n?
5, 11
Let u = 9 - 14. Let f(t) = -t**3 - 3*t**2 + 6*t + 3. What are the prime factors of f(u)?
23
What are the prime factors of ((-6393)/(-6) - -3)/(5/10)?
2137
Let x = 36 + 21. Suppose -m = -2*r + x, -7*r + 2*r + 170 = -3*m. Let g = -31 - m. What are the prime factors of g?
2, 3
Let j(d) = d**3 - 4*d**2 - d + 8. Let y = 30 - 23. List the prime factors of j(y).
2, 37
Suppose -24271 = -5*r - 3*j, -8 + 2 = -3*j. What are the prime factors of r?
23, 211
Let y(l) = -3*l - 18 + 1 + 19*l - 3*l - l**2. Suppose -5*v = -17 - 18. List the prime factors of y(v).
5
Let u(q) = 4*q - 4. Let j(s) = s**3 - 2*s**2 - 3*s + 2. Let d be j(3). What are the prime factors of u(d)?
2
Let l(m) = -16*m - 6 - 3 - 23*m**2 + 20*m**2. Let w be l(-11). What are the prime factors of w/(-9) - 2/(-9)?
2, 11
Let o be (30*1)/1 + 1. Let c = o + -29. Suppose 0*w - 84 = -c*w. What are the prime factors of w?
2, 3, 7
Let s(a) = a**2 + 2*a + 3. Let u be s(-2). Suppose -273 + 9 = -u*h. What are the prime factors of h?
2, 11
Let m be 8/12*(-2 + -1). Let g be (-18)/(m/(-2)*-1). List the prime factors of 318/g + 2/(-3).
17
Let y = -910 + 1402. List the prime factors of y.
2, 3, 41
Suppose -l = -2*p + 48, 0*p - 96 = 2*l - 5*p. What are the prime factors of (l + 7)/(24/9 - 3)?
3, 41
Suppose -7*y + 5*y + 4 = 0. Suppose -2*i = -2*u - 42, i + y*u - 26 = -2*u. What are the prime factors of i?
2, 11
Suppose -88*o - 14443 = -101*o. List the prime factors of o.
11, 101
Let b(d) be the third derivative of -d**5/60 - 11*d**4/24 - 3*d**3 - 5*d**2. List the prime factors of b(-6).
2, 3
Suppose j + 11 = 22. Suppose 3*i + j = 38. What are the prime factors of i?
3
Let y = -463 - -734. Let v = 406 - y. List the prime factors of v.
3, 5
Let g = 79 - 31. Suppose -11*l + g = -9*l. What are the prime factors of l?
2, 3
Let x be ((-4)/4*-2 + -7)/(-1). Suppose 44 = -x*w + 559. What are the prime factors of w?
103
Let z = 185 + -547. Let f = -213 - z. What are the prime factors of f?
149
Suppose -11*o + 779 = -6074. List the prime factors of o.
7, 89
What are the prime factors of 8/(-36) + (3 - 20744/(-36))?
3, 193
Let a = 141 - 97. Suppose -a = -0*x - 2*x. List the prime factors of x.
2, 11
Let h = 3901 - -99. What are the prime factors of h?
2, 5
Suppose -5*b = 5*x - 30, -2*x + 3*x + 3*b = 8. Suppose -5*k + 15 = 0, x*n - 2*n - 3*k = -36. List the prime factors of (n/(18/112))/(-1).
2, 7
Let w be 15/(-5 - -8) + 58. Suppose -4*x = 4*n - 252, -x + w = 3*n - 6*n. List the prime factors of x.
3, 7
Let v = 20 - 17. Suppose 0 = -u + v + 1. Suppose 5*b - f - 43 = -5*f, -f = -u*b + 26. List the prime factors of b.
7
Let n = -15 + 12. Let b = 19 - n. Suppose b*m = 25*m - 135. List the prime factors of m.
3, 5
List the prime factors of (13692/(-9))/((-14)/21).
2, 7, 163
Let m = 177 - 85. Suppose -2*z - m = -2*s, 0 = -s + 5*z + 17 + 37. What are the prime factors of s?
2, 11
What are the prime factors of ((-26)/8)/(129/(-65532))?
13, 127
Suppose 13*o - 88 = 9*o. List the prime factors of o.
2, 11
Suppose -3*s - 156 = j + j, -s + 2*j = 52. Let d be (-8)/s + (-1215)/39. Let r = d + 70. What are the prime factors of r?
3, 13
Suppose m - 3 = 0, 5*z = -3*m - m + 2452. Suppose -6*w = -z - 442. What are the prime factors of w?
5, 31
Suppose 0*f + 23*f = 6187. What are the prime factors of f?
269
Let c(a) = -9*a**2. Let b be c(-1). Let n = b + 4. List the prime factors of (8/n)/(6/(-75)).
2, 5
Let c be 2 - (2/(-2))/1. Let f(x) = -x**3 + 18*x**2 - 11*x - 65. Let o be f(17). Suppose 4 = -w, -w + o = 2*z - c. What are the prime factors of z?
2, 11
Let w(o) = 9*o**2 - o - 2. Let p be w(-2). Suppose 3*t + p = t + 2*d, 75 = -5*t + 2*d. Let r = t + 21. What are the prime factors of r?
2
Suppose -4*f + 1591 = -x, 1595 = 6*f - 2*f + 3*x. List the prime factors of f.
2, 199
What are the prime factors of 480 + (28 - 28 - (-1 - 1))?
2, 241
Let a = -142 - -410. Suppose -a = 14*t - 16*t. Suppose -x - 4*x = 3*w - 296, -t = -2*x + 4*w. List the prime factors of x.
61
Let n(v) = 3*v**2 + 5*v - 3. Let m be (-105)/20 + 2 + (-21)/12. List the prime factors of n(m).
47
Let n = 249 + 645. Suppose -n = 2*r - 5*r. What are the prime factors of r/5 + (-4)/(-10)?
2, 3, 5
List the prime factors of (4 + (-4396)/8)/((-1)/2).
1091
Suppose 2*k - 47 - 33 = 3*l, 0 = -2*k + 8. Let r = l - -19. Let q = r - -30. What are the prime factors of q?
5
Suppose g - 3*t - 484 = 25, 3*g - 1503 = t. List the prime factors of g.
2, 5
Suppose -2*b + b = 2. Let u = b + 21. Suppose -5*h + u = 2*f, -h = -2*f - 0*h + 1. What are the prime factors of f?
2
Let k = 5141 + -1611. List the prime factors of k.
2, 5, 353
Let r be 3*((-14)/6)/7 - 0. What are the prime factors of (-3 - (323 - 4))*r?
2, 7, 23
Let v(x) be the second derivative of x**5/20 + x**4/12 + x**3/6 + 22*x**2 + 14*x. List the prime factors of v(0).
2, 11
Suppose 0 = -5*d + 8*d - 651. What are the prime factors of d?
7, 31
Suppose o + 3 - 4449 = 0. List the prime factors of o.
2, 3, 13, 19
Let r(i) = -3*i**3 - 16*i**2 + 13*i + 27. What are the prime factors of r(-9)?
3, 89
Suppose 2*x + 6 = -2. Let s(y) = 2*y**2 + 6*y + 8. List the prime factors of s(x).
2
What are the prime factors of (1 + (-45)/6)*874/(-23)?
13, 19
Let a be (-114)/6*(-3)/3. Suppose a = 2*y - 3*x, y - 25 = -y + x. List the prime factors of y.
2, 7
Let a be ((-4)/5)/(14/105). List the prime factors of (-2)/(-4)*(15 + a + 37).
23
Suppose -5*d + 1158 = 2*k, -2*k - 2*d + 1954 = 790. List the prime factors of k.
2, 73
Suppose -n + 0*i = i + 3, -15 = 2*n + 5*i. Let c = n + 30. What are the prime factors of c?
2, 3, 5
Suppose -8*i + 1291 + 1597 = 0. List the prime factors of i.
19
Suppose 10 = 5*g - 20. Let a(k) = k + 18 - 16 - g*k. What are the prime factors of a(-10)?
2, 13
Suppose w = -1 - 4. Let o be (6/w)/((-10)/50). Let j = o + -3. What are the prime factors of j?
3
Let r be 55/1*3/5. Suppose -4*u + 4*v + 96 = 0, -u - v + r = v. Let h = u - 17. What are the prime factors